 









{"id":4526,"date":"2021-03-01T14:28:46","date_gmt":"2021-03-01T13:28:46","guid":{"rendered":"https:\/\/hfde.yes.sk\/?post_type=product&#038;p=4526"},"modified":"2023-12-04T17:19:48","modified_gmt":"2023-12-04T16:19:48","slug":"tandem-jump-4000","status":"publish","type":"product","link":"https:\/\/hurricanefactory.com\/berlin\/product\/tandem-jump-4000\/","title":{"rendered":"TANDEMSPRUNG 4000 M"},"content":{"rendered":"","protected":false},"excerpt":{"rendered":"<ul class=\"my-3\">\n<li style=\"text-align: center;\">AUS 4.000 M H\u00d6HE<\/li>\n<li style=\"text-align: center;\">F\u00dcR 1 PERSON<\/li>\n<li style=\"text-align: center;\">6 MIN. SANFTER SCHIRMFLUG<\/li>\n<li style=\"text-align: center;\">INKL. OVERALL, KAPPE UND BRILLE<\/li>\n<li style=\"text-align: center;\">GUTSCHEIN 3 JAHRE G\u00dcLTIG<\/li>\n<li style=\"text-align: center;\">FOTO\/VIDEO ZUBUCHBAR BEI TERMINVEREINBARUNG<\/li>\n<\/ul>\n<p><!--more--><\/p>\n<p>Plane bitte insgesamt ca. 3 Stunden Zeit ein. Der Gutschein kann per E-Mail zum Selbstausdrucken oder per Post (+ 3 EUR) versendet werden. Bei k\u00f6rperlichen Einschr\u00e4nkungen nehmt bitte vorher Kontakt mit uns auf.<\/p>\n<p>Erlebe die grenzenlose Freiheit eines Fallschirmsprungs: Gemeinsam mit Deinem professionellen Tandempiloten springst Du aus 4.000 Metern H\u00f6he! Schon w\u00e4hrend sich das Flugzeug auf die Absprungh\u00f6he schraubt, steigt Deine Spannung\u2026 bis sich dann 4 km \u00fcber der Erde die Luke zum Absprung \u00f6ffnet! Und schon sp\u00fcrst Du die rasante, atemberaubende Sensation des Freifalls: Adrenalin pur! Nach der \u00d6ffnung des Schirms genie\u00dft Du dann den minutenlangen sanften Schirmflug und bestaunst die Welt von oben &#8211; ein garantiert unvergessliches Erlebnis! Der Tandemsprung findet statt bei TAKE OFF Fallschirmsport in Fehrbellin, einem der TOP 3 Anbieter von Tandemspr\u00fcngen in Deutschland.<\/p>\n<p>Am Sprungtag bitten wir Dich ca. zwei Stunden vor Deinem Termin bei TAKE OFF Fallschirmsport anzurufen und nachzufragen, ob aufgrund der Wetterbedingungen gesprungen werden kann.<\/p>\n","protected":false},"featured_media":4593,"template":"","meta":{"inline_featured_image":false},"_links":{"self":[{"href":"https:\/\/hurricanefactory.com\/berlin\/wp-json\/wp\/v2\/product\/4526"}],"collection":[{"href":"https:\/\/hurricanefactory.com\/berlin\/wp-json\/wp\/v2\/product"}],"about":[{"href":"https:\/\/hurricanefactory.com\/berlin\/wp-json\/wp\/v2\/types\/product"}],"version-history":[{"count":6,"href":"https:\/\/hurricanefactory.com\/berlin\/wp-json\/wp\/v2\/product\/4526\/revisions"}],"predecessor-version":[{"id":18084,"href":"https:\/\/hurricanefactory.com\/berlin\/wp-json\/wp\/v2\/product\/4526\/revisions\/18084"}],"wp:featuredmedia":[{"embeddable":true,"href":"https:\/\/hurricanefactory.com\/berlin\/wp-json\/wp\/v2\/media\/4593"}],"wp:attachment":[{"href":"https:\/\/hurricanefactory.com\/berlin\/wp-json\/wp\/v2\/media?parent=4526"}],"curies":[{"name":"wp","href":"https:\/\/api.w.org\/{rel}","templated":true}]}}