 









{"id":4524,"date":"2021-03-01T14:27:28","date_gmt":"2021-03-01T13:27:28","guid":{"rendered":"https:\/\/hfde.yes.sk\/?post_type=product&#038;p=4524"},"modified":"2024-10-17T12:14:24","modified_gmt":"2024-10-17T10:14:24","slug":"familyfriends-kids-b-day-party","status":"publish","type":"product","link":"https:\/\/hurricanefactory.com\/berlin\/product\/familyfriends-kids-b-day-party\/","title":{"rendered":"KIDS BIRTHDAY PARTY"},"content":{"rendered":"","protected":false},"excerpt":{"rendered":"<ul class=\"my-3\">\n<li style=\"text-align: center;\">DAS TOTAL COOLE BIRTHDAY EVENT<\/li>\n<li style=\"text-align: center;\">BIS ZU 10 KINDER (5-14 JAHRE)<\/li>\n<li style=\"font-weight: 400; text-align: center;\"><span style=\"color: #ff0000;\"><b>INKLUSIVE FLY UP<\/b><\/span><\/li>\n<li style=\"text-align: center;\">INKL. ANZUG, HELM UND BRILLE<\/li>\n<li style=\"text-align: center;\">INKL. KINDER-MEN\u00dc<\/li>\n<li style=\"text-align: center;\">GUTSCHEIN 1 JAHR G\u00dcLTIG<\/li>\n<\/ul>\n<p><!--more--><\/p>\n<div style=\"color: #d1200c;\">Bei Buchung der \u201eKids Birthday Party\u201c ist zus\u00e4tzlich eine Absprache bez\u00fcglich Bewirtung und zeitlichem Ablauf erforderlich. Bitte kontaktiere unser Veranstaltungsb\u00fcro unter <a href=\"mailto:events.berlin@hurricanefactory.com\">events.berlin@hurricanefactory.com<\/a>.<\/div>\n<div>Kindergeburtstag in der Hurricane Factory &#8211; unser Special f\u00fcr ein au\u00dfergew\u00f6hnliches Event! Der gr\u00f6\u00dfte deutsche Windkanal bietet ein unvergessliches Flugerlebnis f\u00fcr Kinder zwischen 5 und 14 Jahren!<\/div>\n<div>Das Arrangement beinhaltet Flugzeit im Windkanal f\u00fcr maximal 10 Kinder (2 Fl\u00fcge\u00a0pro Kind).\u00a0 Training und Betreuung durch erfahrene Instruktoren sowie die n\u00f6tige Ausr\u00fcstung sind inbegriffen. Auch das Geburtstagsmen\u00fc mit Chicken Nuggets und Pommes frites, Eis und kleinem Softgetr\u00e4nk ist enthalten.<\/div>\n<div>Plane bitte insgesamt ca. 2,5 Stunden Zeit ein. Der Gutschein kann per E-Mail zum Selbstausdrucken oder per Post (+ 3 EUR) versendet werden. Bei k\u00f6rperlichen Einschr\u00e4nkungen nimm bitte vorher Kontakt mit uns auf.<\/div>\n<div>Alle Minderj\u00e4hrigen brauchen eine schriftliche Einverst\u00e4ndniserkl\u00e4rung der Eltern.<\/div>\n<div style=\"color: #d1200c;\">Tischdekoration ist nicht enthalten und kann gegebenenfalls gerne mitgebracht werden. Auf Wunsch kann eine Tischdekoration auch via Hurricane Factory erfolgen (vorherige Absprache mindestens 8 Tage im Voraus, Kosten ab ca. \u20ac 20,00).<\/div>\n","protected":false},"featured_media":24215,"template":"","meta":{"inline_featured_image":false},"_links":{"self":[{"href":"https:\/\/hurricanefactory.com\/berlin\/wp-json\/wp\/v2\/product\/4524"}],"collection":[{"href":"https:\/\/hurricanefactory.com\/berlin\/wp-json\/wp\/v2\/product"}],"about":[{"href":"https:\/\/hurricanefactory.com\/berlin\/wp-json\/wp\/v2\/types\/product"}],"version-history":[{"count":6,"href":"https:\/\/hurricanefactory.com\/berlin\/wp-json\/wp\/v2\/product\/4524\/revisions"}],"predecessor-version":[{"id":20617,"href":"https:\/\/hurricanefactory.com\/berlin\/wp-json\/wp\/v2\/product\/4524\/revisions\/20617"}],"wp:featuredmedia":[{"embeddable":true,"href":"https:\/\/hurricanefactory.com\/berlin\/wp-json\/wp\/v2\/media\/24215"}],"wp:attachment":[{"href":"https:\/\/hurricanefactory.com\/berlin\/wp-json\/wp\/v2\/media?parent=4524"}],"curies":[{"name":"wp","href":"https:\/\/api.w.org\/{rel}","templated":true}]}}